{"id":690,"date":"2018-05-23T06:21:50","date_gmt":"2018-05-23T06:21:50","guid":{"rendered":"http:\/\/rarathemesdemo.com\/elegant-portfolio\/?page_id=23"},"modified":"2021-12-28T15:45:11","modified_gmt":"2021-12-28T15:45:11","slug":"graphiste-multimedia","status":"publish","type":"page","link":"https:\/\/tgfil.com\/?page_id=690","title":{"rendered":"A Propos"},"content":{"rendered":"\t\t<div data-elementor-type=\"wp-page\" data-elementor-id=\"690\" class=\"elementor elementor-690\">\n\t\t\t\t\t\t<section class=\"elementor-section elementor-top-section elementor-element elementor-element-a5caf04 elementor-section-boxed elementor-section-height-default elementor-section-height-default elementor-invisible\" data-id=\"a5caf04\" data-element_type=\"section\" data-e-type=\"section\" data-settings=\"{&quot;animation&quot;:&quot;fadeInUp&quot;}\">\n\t\t\t\t\t\t<div class=\"elementor-container elementor-column-gap-default\">\n\t\t\t\t\t<div class=\"elementor-column elementor-col-100 elementor-top-column elementor-element elementor-element-46e7dcc\" data-id=\"46e7dcc\" data-element_type=\"column\" data-e-type=\"column\">\n\t\t\t<div class=\"elementor-widget-wrap elementor-element-populated\">\n\t\t\t\t\t\t<div class=\"elementor-element elementor-element-41c4a54 elementor-widget elementor-widget-heading\" data-id=\"41c4a54\" data-element_type=\"widget\" data-e-type=\"widget\" data-widget_type=\"heading.default\">\n\t\t\t\t<div class=\"elementor-widget-container\">\n\t\t\t\t\t<h2 class=\"elementor-heading-title elementor-size-default\"><span style=\"color: #020000;font-family: Raleway,  Helvetica, Arial, sans-serif;font-size: 35px;text-transform: uppercase;white-space: normal\">Je suis Phil'T<\/span><\/h2>\t\t\t\t<\/div>\n\t\t\t\t<\/div>\n\t\t\t\t<div class=\"elementor-element elementor-element-4a0d1a9 elementor-widget elementor-widget-spacer\" data-id=\"4a0d1a9\" data-element_type=\"widget\" data-e-type=\"widget\" data-widget_type=\"spacer.default\">\n\t\t\t\t<div class=\"elementor-widget-container\">\n\t\t\t\t\t\t\t<div class=\"elementor-spacer\">\n\t\t\t<div class=\"elementor-spacer-inner\"><\/div>\n\t\t<\/div>\n\t\t\t\t\t\t<\/div>\n\t\t\t\t<\/div>\n\t\t\t\t\t<\/div>\n\t\t<\/div>\n\t\t\t\t\t<\/div>\n\t\t<\/section>\n\t\t\t\t<section class=\"elementor-section elementor-top-section elementor-element elementor-element-30faf9e elementor-section-height-min-height elementor-section-content-middle elementor-section-stretched elementor-section-full_width elementor-section-items-stretch elementor-section-height-default elementor-invisible\" data-id=\"30faf9e\" data-element_type=\"section\" data-e-type=\"section\" data-settings=\"{&quot;stretch_section&quot;:&quot;section-stretched&quot;,&quot;background_background&quot;:&quot;classic&quot;,&quot;shape_divider_bottom&quot;:&quot;waves&quot;,&quot;animation_mobile&quot;:&quot;fadeInUp&quot;,&quot;animation&quot;:&quot;fadeInUp&quot;}\">\n\t\t\t\t\t<div class=\"elementor-shape elementor-shape-bottom\" aria-hidden=\"true\" data-negative=\"false\">\n\t\t\t<svg xmlns=\"http:\/\/www.w3.org\/2000\/svg\" viewBox=\"0 0 1000 100\" preserveAspectRatio=\"none\">\n\t<path class=\"elementor-shape-fill\" d=\"M421.9,6.5c22.6-2.5,51.5,0.4,75.5,5.3c23.6,4.9,70.9,23.5,100.5,35.7c75.8,32.2,133.7,44.5,192.6,49.7\n\tc23.6,2.1,48.7,3.5,103.4-2.5c54.7-6,106.2-25.6,106.2-25.6V0H0v30.3c0,0,72,32.6,158.4,30.5c39.2-0.7,92.8-6.7,134-22.4\n\tc21.2-8.1,52.2-18.2,79.7-24.2C399.3,7.9,411.6,7.5,421.9,6.5z\"\/>\n<\/svg>\t\t<\/div>\n\t\t\t\t\t<div class=\"elementor-container elementor-column-gap-no\">\n\t\t\t\t\t<div class=\"elementor-column elementor-col-100 elementor-top-column elementor-element elementor-element-3501c16\" data-id=\"3501c16\" data-element_type=\"column\" data-e-type=\"column\">\n\t\t\t<div class=\"elementor-widget-wrap\">\n\t\t\t\t\t\t\t<\/div>\n\t\t<\/div>\n\t\t\t\t\t<\/div>\n\t\t<\/section>\n\t\t\t\t<section class=\"elementor-section elementor-top-section elementor-element elementor-element-36c165f elementor-section-boxed elementor-section-height-default elementor-section-height-default\" data-id=\"36c165f\" data-element_type=\"section\" data-e-type=\"section\">\n\t\t\t\t\t\t<div class=\"elementor-container elementor-column-gap-default\">\n\t\t\t\t\t<div class=\"elementor-column elementor-col-100 elementor-top-column elementor-element elementor-element-75c18fb\" data-id=\"75c18fb\" data-element_type=\"column\" data-e-type=\"column\">\n\t\t\t<div class=\"elementor-widget-wrap elementor-element-populated\">\n\t\t\t\t\t\t<div class=\"elementor-element elementor-element-2c79bc0 elementor-widget elementor-widget-spacer\" data-id=\"2c79bc0\" data-element_type=\"widget\" data-e-type=\"widget\" data-widget_type=\"spacer.default\">\n\t\t\t\t<div class=\"elementor-widget-container\">\n\t\t\t\t\t\t\t<div class=\"elementor-spacer\">\n\t\t\t<div class=\"elementor-spacer-inner\"><\/div>\n\t\t<\/div>\n\t\t\t\t\t\t<\/div>\n\t\t\t\t<\/div>\n\t\t\t\t<div class=\"elementor-element elementor-element-b21125e elementor-invisible elementor-widget elementor-widget-counter\" data-id=\"b21125e\" data-element_type=\"widget\" data-e-type=\"widget\" data-settings=\"{&quot;_animation&quot;:&quot;fadeInUp&quot;}\" data-widget_type=\"counter.default\">\n\t\t\t\t<div class=\"elementor-widget-container\">\n\t\t\t\t\t\t\t<div class=\"elementor-counter\">\n\t\t\t<div class=\"elementor-counter-title\"><span style=\"font-family: Raleway,  Helvetica, Arial, sans-serif;letter-spacing: 2.5px;text-transform: uppercase;white-space: normal\">ans d'exp\u00e9rience<\/span><\/div>\t\t\t<div class=\"elementor-counter-number-wrapper\">\n\t\t\t\t<span class=\"elementor-counter-number-prefix\"><\/span>\n\t\t\t\t<span class=\"elementor-counter-number\" data-duration=\"2000\" data-to-value=\"15\" data-from-value=\"0\" data-delimiter=\",\">0<\/span>\n\t\t\t\t<span class=\"elementor-counter-number-suffix\"><\/span>\n\t\t\t<\/div>\n\t\t<\/div>\n\t\t\t\t\t\t<\/div>\n\t\t\t\t<\/div>\n\t\t\t\t<div class=\"elementor-element elementor-element-9faf41b elementor-widget elementor-widget-spacer\" data-id=\"9faf41b\" data-element_type=\"widget\" data-e-type=\"widget\" data-widget_type=\"spacer.default\">\n\t\t\t\t<div class=\"elementor-widget-container\">\n\t\t\t\t\t\t\t<div class=\"elementor-spacer\">\n\t\t\t<div class=\"elementor-spacer-inner\"><\/div>\n\t\t<\/div>\n\t\t\t\t\t\t<\/div>\n\t\t\t\t<\/div>\n\t\t\t\t\t<\/div>\n\t\t<\/div>\n\t\t\t\t\t<\/div>\n\t\t<\/section>\n\t\t\t\t<section class=\"elementor-section elementor-top-section elementor-element elementor-element-68f062d elementor-section-full_width elementor-section-stretched elementor-section-height-default elementor-section-height-default elementor-invisible\" data-id=\"68f062d\" data-element_type=\"section\" data-e-type=\"section\" data-settings=\"{&quot;stretch_section&quot;:&quot;section-stretched&quot;,&quot;animation&quot;:&quot;fadeInUp&quot;}\">\n\t\t\t\t\t\t<div class=\"elementor-container elementor-column-gap-wider\">\n\t\t\t\t\t<div class=\"elementor-column elementor-col-50 elementor-top-column elementor-element elementor-element-2840bcd\" data-id=\"2840bcd\" data-element_type=\"column\" data-e-type=\"column\">\n\t\t\t<div class=\"elementor-widget-wrap elementor-element-populated\">\n\t\t\t\t\t\t<div class=\"elementor-element elementor-element-0c7fa29 elementor-widget elementor-widget-text-editor\" data-id=\"0c7fa29\" data-element_type=\"widget\" data-e-type=\"widget\" data-widget_type=\"text-editor.default\">\n\t\t\t\t<div class=\"elementor-widget-container\">\n\t\t\t\t\t\t\t\t\t<p>Fort d&rsquo;une exp\u00e9rience d&rsquo;environ 15 ans , je suis un <b>Graphiste Multim\u00e9dia<\/b> : Print (Edition) et Web. (Photoshop, Illustrator, InDesign&#8230;)<br>\nJe touche \u00e9galement \u00e0 la Photo et la Vid\u00e9o.<br>\nJ&rsquo;apporte des id\u00e9es de Marketing int\u00e9ressantes pour rafra\u00eechir votre Communication.<br>\nDans ma carri\u00e8re j&rsquo;ai aussi \u00e9t\u00e9 amen\u00e9 \u00e0 faire du montage-video sur VegasPro.<br>\nj&rsquo;ai une certaine sensibilit\u00e9 aux prises de vues.<\/p>\n<p>&nbsp;<\/p>\t\t\t\t\t\t\t\t<\/div>\n\t\t\t\t<\/div>\n\t\t\t\t\t<\/div>\n\t\t<\/div>\n\t\t\t\t<div class=\"elementor-column elementor-col-50 elementor-top-column elementor-element elementor-element-c2cc210\" data-id=\"c2cc210\" data-element_type=\"column\" data-e-type=\"column\">\n\t\t\t<div class=\"elementor-widget-wrap elementor-element-populated\">\n\t\t\t\t\t\t<div class=\"elementor-element elementor-element-89635f6 elementor-widget elementor-widget-text-editor\" data-id=\"89635f6\" data-element_type=\"widget\" data-e-type=\"widget\" data-widget_type=\"text-editor.default\">\n\t\t\t\t<div class=\"elementor-widget-container\">\n\t\t\t\t\t\t\t\t\t<p>Pour articuler mes comp\u00e9tences, j&rsquo;ai \u00e9galement une Formation de D\u00e9veloppeur Web &amp; Mobile JUNIOR o\u00f9 j&rsquo;ai appris les NOTIONS des diff\u00e9rents langages de programmation : Html, CSS, JavaScript, Node JS, React, Express, My SQL, Bootstrap, Responsive, WordPress&#8230;<br \/><span style=\"color: var( --e-global-color-text ); font-family: var( --e-global-typography-text-font-family ), Sans-serif; font-weight: var( --e-global-typography-text-font-weight );\">Le graphisme est pour moi un \u00e9l\u00e9ment majeur dans la communication, comme le code pour les fonctionnalit\u00e9s web.<br \/><\/span><span style=\"color: var( --e-global-color-text ); font-family: var( --e-global-typography-text-font-family ), Sans-serif; font-weight: var( --e-global-typography-text-font-weight );\">Pour ajouter du piment, j&rsquo;ai aussi une formation en <b>Motion Design et Montage vid\u00e9o <\/b>(Adobe Premiere, After Effect).<\/span><\/p>\t\t\t\t\t\t\t\t<\/div>\n\t\t\t\t<\/div>\n\t\t\t\t\t<\/div>\n\t\t<\/div>\n\t\t\t\t\t<\/div>\n\t\t<\/section>\n\t\t\t\t<section class=\"elementor-section elementor-top-section elementor-element elementor-element-2d0eff0 elementor-section-boxed elementor-section-height-default elementor-section-height-default\" data-id=\"2d0eff0\" data-element_type=\"section\" data-e-type=\"section\">\n\t\t\t\t\t\t<div class=\"elementor-container elementor-column-gap-default\">\n\t\t\t\t\t<div class=\"elementor-column elementor-col-100 elementor-top-column elementor-element elementor-element-ee2fc29\" data-id=\"ee2fc29\" data-element_type=\"column\" data-e-type=\"column\">\n\t\t\t<div class=\"elementor-widget-wrap elementor-element-populated\">\n\t\t\t\t\t\t<div class=\"elementor-element elementor-element-e61ab5b elementor-widget elementor-widget-text-editor\" data-id=\"e61ab5b\" data-element_type=\"widget\" data-e-type=\"widget\" data-widget_type=\"text-editor.default\">\n\t\t\t\t<div class=\"elementor-widget-container\">\n\t\t\t\t\t\t\t\t\t<p style=\"text-align: center;\">N&rsquo;h\u00e9sitez pas \u00e0 me contacter&#8230;<\/p><p style=\"text-align: center;\">Bienvenu sur mon PortFolio<\/p>\t\t\t\t\t\t\t\t<\/div>\n\t\t\t\t<\/div>\n\t\t\t\t\t<\/div>\n\t\t<\/div>\n\t\t\t\t\t<\/div>\n\t\t<\/section>\n\t\t\t\t<\/div>\n\t\t","protected":false},"excerpt":{"rendered":"<p>Je suis Phil&rsquo;T 0 ans d&rsquo;exp\u00e9rience Fort d&rsquo;une exp\u00e9rience d&rsquo;environ 15 ans , je suis un Graphiste Multim\u00e9dia : Print (Edition) et Web. (Photoshop, Illustrator, InDesign&#8230;) Je touche \u00e9galement \u00e0 la Photo et la Vid\u00e9o. J&rsquo;apporte des id\u00e9es de Marketing int\u00e9ressantes pour rafra\u00eechir votre Communication. Dans ma carri\u00e8re j&rsquo;ai aussi \u00e9t\u00e9 amen\u00e9 \u00e0 faire du &hellip; <\/p>\n","protected":false},"author":1,"featured_media":0,"parent":2,"menu_order":0,"comment_status":"closed","ping_status":"closed","template":"","meta":{"footnotes":""},"class_list":["post-690","page","type-page","status-publish","hentry"],"yoast_head":"<!-- This site is optimized with the Yoast SEO plugin v27.5 - https:\/\/yoast.com\/product\/yoast-seo-wordpress\/ -->\n<title>A Propos | Graphiste Multim\u00e9dia<\/title>\n<meta name=\"description\" content=\"je suis un Graphiste Multim\u00e9dia : Print (Edition) et Web.\u200b Je touche \u00e9galement \u00e0 la Photo et aux logiciels de retouche d&#039;images et de cr\u00e9ations vectorielles. J&#039;apporte des id\u00e9es de Marketing int\u00e9ressantes pour rafra\u00eechir votre Communication.\" \/>\n<meta name=\"robots\" content=\"index, follow, max-snippet:-1, max-image-preview:large, max-video-preview:-1\" \/>\n<link rel=\"canonical\" href=\"https:\/\/tgfil.com\/?page_id=690\" \/>\n<meta property=\"og:locale\" content=\"fr_FR\" \/>\n<meta property=\"og:type\" content=\"article\" \/>\n<meta property=\"og:title\" content=\"A Propos | Graphiste Multim\u00e9dia\" \/>\n<meta property=\"og:description\" content=\"je suis un Graphiste Multim\u00e9dia : Print (Edition) et Web.\u200b Je touche \u00e9galement \u00e0 la Photo et aux logiciels de retouche d&#039;images et de cr\u00e9ations vectorielles. J&#039;apporte des id\u00e9es de Marketing int\u00e9ressantes pour rafra\u00eechir votre Communication.\" \/>\n<meta property=\"og:url\" content=\"https:\/\/tgfil.com\/?page_id=690\" \/>\n<meta property=\"og:site_name\" content=\"PHIL&#039;T\" \/>\n<meta property=\"article:modified_time\" content=\"2021-12-28T15:45:11+00:00\" \/>\n<meta name=\"twitter:card\" content=\"summary_large_image\" \/>\n<meta name=\"twitter:label1\" content=\"Dur\u00e9e de lecture estim\u00e9e\" \/>\n\t<meta name=\"twitter:data1\" content=\"1 minute\" \/>\n<script type=\"application\/ld+json\" class=\"yoast-schema-graph\">{\"@context\":\"https:\\\/\\\/schema.org\",\"@graph\":[{\"@type\":\"WebPage\",\"@id\":\"https:\\\/\\\/tgfil.com\\\/?page_id=690\",\"url\":\"https:\\\/\\\/tgfil.com\\\/?page_id=690\",\"name\":\"A Propos | Graphiste Multim\u00e9dia\",\"isPartOf\":{\"@id\":\"https:\\\/\\\/tgfil.com\\\/#website\"},\"datePublished\":\"2018-05-23T06:21:50+00:00\",\"dateModified\":\"2021-12-28T15:45:11+00:00\",\"description\":\"je suis un Graphiste Multim\u00e9dia : Print (Edition) et Web.\u200b Je touche \u00e9galement \u00e0 la Photo et aux logiciels de retouche d'images et de cr\u00e9ations vectorielles. J'apporte des id\u00e9es de Marketing int\u00e9ressantes pour rafra\u00eechir votre Communication.\",\"breadcrumb\":{\"@id\":\"https:\\\/\\\/tgfil.com\\\/?page_id=690#breadcrumb\"},\"inLanguage\":\"fr-FR\",\"potentialAction\":[{\"@type\":\"ReadAction\",\"target\":[\"https:\\\/\\\/tgfil.com\\\/?page_id=690\"]}]},{\"@type\":\"BreadcrumbList\",\"@id\":\"https:\\\/\\\/tgfil.com\\\/?page_id=690#breadcrumb\",\"itemListElement\":[{\"@type\":\"ListItem\",\"position\":1,\"name\":\"Accueil\",\"item\":\"https:\\\/\\\/tgfil.com\\\/\"},{\"@type\":\"ListItem\",\"position\":2,\"name\":\"Sample Page\",\"item\":\"https:\\\/\\\/tgfil.com\\\/?page_id=2\"},{\"@type\":\"ListItem\",\"position\":3,\"name\":\"A Propos\"}]},{\"@type\":\"WebSite\",\"@id\":\"https:\\\/\\\/tgfil.com\\\/#website\",\"url\":\"https:\\\/\\\/tgfil.com\\\/\",\"name\":\"PHIL&#039;T\",\"description\":\"Mon Site PortFolio\",\"publisher\":{\"@id\":\"https:\\\/\\\/tgfil.com\\\/#organization\"},\"potentialAction\":[{\"@type\":\"SearchAction\",\"target\":{\"@type\":\"EntryPoint\",\"urlTemplate\":\"https:\\\/\\\/tgfil.com\\\/?s={search_term_string}\"},\"query-input\":{\"@type\":\"PropertyValueSpecification\",\"valueRequired\":true,\"valueName\":\"search_term_string\"}}],\"inLanguage\":\"fr-FR\"},{\"@type\":\"Organization\",\"@id\":\"https:\\\/\\\/tgfil.com\\\/#organization\",\"name\":\"PHIL'T Graphiste\",\"url\":\"https:\\\/\\\/tgfil.com\\\/\",\"logo\":{\"@type\":\"ImageObject\",\"inLanguage\":\"fr-FR\",\"@id\":\"https:\\\/\\\/tgfil.com\\\/#\\\/schema\\\/logo\\\/image\\\/\",\"url\":\"https:\\\/\\\/i2.wp.com\\\/tgfil.com\\\/wp-content\\\/uploads\\\/2021\\\/11\\\/me.jpg?fit=924%2C488&ssl=1\",\"contentUrl\":\"https:\\\/\\\/i2.wp.com\\\/tgfil.com\\\/wp-content\\\/uploads\\\/2021\\\/11\\\/me.jpg?fit=924%2C488&ssl=1\",\"width\":924,\"height\":488,\"caption\":\"PHIL'T Graphiste\"},\"image\":{\"@id\":\"https:\\\/\\\/tgfil.com\\\/#\\\/schema\\\/logo\\\/image\\\/\"},\"sameAs\":[\"https:\\\/\\\/www.linkedin.com\\\/in\\\/phil-t-bb54291bb\\\/\"]}]}<\/script>\n<!-- \/ Yoast SEO plugin. -->","yoast_head_json":{"title":"A Propos | Graphiste Multim\u00e9dia","description":"je suis un Graphiste Multim\u00e9dia : Print (Edition) et Web.\u200b Je touche \u00e9galement \u00e0 la Photo et aux logiciels de retouche d'images et de cr\u00e9ations vectorielles. J'apporte des id\u00e9es de Marketing int\u00e9ressantes pour rafra\u00eechir votre Communication.","robots":{"index":"index","follow":"follow","max-snippet":"max-snippet:-1","max-image-preview":"max-image-preview:large","max-video-preview":"max-video-preview:-1"},"canonical":"https:\/\/tgfil.com\/?page_id=690","og_locale":"fr_FR","og_type":"article","og_title":"A Propos | Graphiste Multim\u00e9dia","og_description":"je suis un Graphiste Multim\u00e9dia : Print (Edition) et Web.\u200b Je touche \u00e9galement \u00e0 la Photo et aux logiciels de retouche d'images et de cr\u00e9ations vectorielles. J'apporte des id\u00e9es de Marketing int\u00e9ressantes pour rafra\u00eechir votre Communication.","og_url":"https:\/\/tgfil.com\/?page_id=690","og_site_name":"PHIL&#039;T","article_modified_time":"2021-12-28T15:45:11+00:00","twitter_card":"summary_large_image","twitter_misc":{"Dur\u00e9e de lecture estim\u00e9e":"1 minute"},"schema":{"@context":"https:\/\/schema.org","@graph":[{"@type":"WebPage","@id":"https:\/\/tgfil.com\/?page_id=690","url":"https:\/\/tgfil.com\/?page_id=690","name":"A Propos | Graphiste Multim\u00e9dia","isPartOf":{"@id":"https:\/\/tgfil.com\/#website"},"datePublished":"2018-05-23T06:21:50+00:00","dateModified":"2021-12-28T15:45:11+00:00","description":"je suis un Graphiste Multim\u00e9dia : Print (Edition) et Web.\u200b Je touche \u00e9galement \u00e0 la Photo et aux logiciels de retouche d'images et de cr\u00e9ations vectorielles. J'apporte des id\u00e9es de Marketing int\u00e9ressantes pour rafra\u00eechir votre Communication.","breadcrumb":{"@id":"https:\/\/tgfil.com\/?page_id=690#breadcrumb"},"inLanguage":"fr-FR","potentialAction":[{"@type":"ReadAction","target":["https:\/\/tgfil.com\/?page_id=690"]}]},{"@type":"BreadcrumbList","@id":"https:\/\/tgfil.com\/?page_id=690#breadcrumb","itemListElement":[{"@type":"ListItem","position":1,"name":"Accueil","item":"https:\/\/tgfil.com\/"},{"@type":"ListItem","position":2,"name":"Sample Page","item":"https:\/\/tgfil.com\/?page_id=2"},{"@type":"ListItem","position":3,"name":"A Propos"}]},{"@type":"WebSite","@id":"https:\/\/tgfil.com\/#website","url":"https:\/\/tgfil.com\/","name":"PHIL&#039;T","description":"Mon Site PortFolio","publisher":{"@id":"https:\/\/tgfil.com\/#organization"},"potentialAction":[{"@type":"SearchAction","target":{"@type":"EntryPoint","urlTemplate":"https:\/\/tgfil.com\/?s={search_term_string}"},"query-input":{"@type":"PropertyValueSpecification","valueRequired":true,"valueName":"search_term_string"}}],"inLanguage":"fr-FR"},{"@type":"Organization","@id":"https:\/\/tgfil.com\/#organization","name":"PHIL'T Graphiste","url":"https:\/\/tgfil.com\/","logo":{"@type":"ImageObject","inLanguage":"fr-FR","@id":"https:\/\/tgfil.com\/#\/schema\/logo\/image\/","url":"https:\/\/i2.wp.com\/tgfil.com\/wp-content\/uploads\/2021\/11\/me.jpg?fit=924%2C488&ssl=1","contentUrl":"https:\/\/i2.wp.com\/tgfil.com\/wp-content\/uploads\/2021\/11\/me.jpg?fit=924%2C488&ssl=1","width":924,"height":488,"caption":"PHIL'T Graphiste"},"image":{"@id":"https:\/\/tgfil.com\/#\/schema\/logo\/image\/"},"sameAs":["https:\/\/www.linkedin.com\/in\/phil-t-bb54291bb\/"]}]}},"_links":{"self":[{"href":"https:\/\/tgfil.com\/index.php?rest_route=\/wp\/v2\/pages\/690","targetHints":{"allow":["GET"]}}],"collection":[{"href":"https:\/\/tgfil.com\/index.php?rest_route=\/wp\/v2\/pages"}],"about":[{"href":"https:\/\/tgfil.com\/index.php?rest_route=\/wp\/v2\/types\/page"}],"author":[{"embeddable":true,"href":"https:\/\/tgfil.com\/index.php?rest_route=\/wp\/v2\/users\/1"}],"replies":[{"embeddable":true,"href":"https:\/\/tgfil.com\/index.php?rest_route=%2Fwp%2Fv2%2Fcomments&post=690"}],"version-history":[{"count":101,"href":"https:\/\/tgfil.com\/index.php?rest_route=\/wp\/v2\/pages\/690\/revisions"}],"predecessor-version":[{"id":1302,"href":"https:\/\/tgfil.com\/index.php?rest_route=\/wp\/v2\/pages\/690\/revisions\/1302"}],"up":[{"embeddable":true,"href":"https:\/\/tgfil.com\/index.php?rest_route=\/wp\/v2\/pages\/2"}],"wp:attachment":[{"href":"https:\/\/tgfil.com\/index.php?rest_route=%2Fwp%2Fv2%2Fmedia&parent=690"}],"curies":[{"name":"wp","href":"https:\/\/api.w.org\/{rel}","templated":true}]}}